base 10?
4
What is 0 (base 6) in base 12?
0
-198 (base 11) to base 15
-103
Convert -72 (base 14) to base 5.
-400
What is 3 (base 4) in base 5?
3
What is 0 (base 4) in base 2?
0
Convert -a8 (base 11) to base 15.
-7d
What is -14 (base 6) in base 8?
-12
What is -49 (base 13) in base 12?
-51
What is 7 (base 10) in base 15?
7
-11 (base 3) to base 15
-4
89 (base 15) to base 2
10000001
5 (base 11) to base 9
5
3 (base 15) to base 6
3
What is 3 (base 5) in base 2?
11
-2 (base 6) to base 11
-2
Convert -2012 (base 3) to base 16.
-3b
16 (base 10) to base 15
11
What is 5 (base 8) in base 10?
5
0 (base 5) to base 13
0
3 (base 13) to base 14
3
Convert 36 (base 16) to base 15.
39
11 (base 7) to base 12
8
4 (base 8) to base 15
4
Convert 4 (base 16) to base 12.
4
11 (base 2) to base 8
3
4d (base 15) to base 14
53
Convert 1020 (base 3) to base 2.
100001
What is 13 (base 4) in base 6?
11
-a (base 16) to base 10
-10
9 (base 14) to base 5
14
What is -1 (base 15) in base 3?
-1
What is -3 (base 7) in base 5?
-3
What is 22 (base 8) in base 14?
14
Convert 2 (base 3) to base 5.
2
Convert -100 (base 3) to base 4.
-21
What is 3 (base 9) in base 14?
3
What is -6 (base 11) in base 15?
-6
-10 (base 3) to base 11
-3
What is -24 (base 14) in base 9?
-35
Convert -6 (base 13) to base 8.
-6
-1a (base 11) to base 4
-111
150 (base 6) to base 3
2110
What is -1 (base 9) in base 10?
-1
What is -20 (base 6) in base 5?
-22
What is -1 (base 3) in base 4?
-1
-352 (base 7) to base 3
-20211
What is 150 (base 6) in base 3?
2110
What is -26 (base 9) in base 15?
-19
Convert -2330 (base 4) to base 3.
-20222
What is 20 (base 6) in base 9?
13
-11111 (base 2) to base 4
-133
What is -113 (base 8) in base 14?
-55
-2 (base 7) to base 5
-2
b (base 16) to base 14
b
-233 (base 4) to base 9
-52
What is 514 (base 6) in base 2?
10111110
-43 (base 14) to base 12
-4b
What is 122 (base 4) in base 10?
26
2 (base 12) to base 4
2
Convert -210 (base 9) to base 7.
-333
71 (base 15) to base 11
97
What is -34 (base 5) in base 14?
-15
Convert -1a (base 11) to base 3.
-210
-4 (base 15) to base 7
-4
Convert 201 (base 5) to base 11.
47
Convert -2a (base 13) to base 9.
-40
-128 (base 9) to base 14
-79
What is ab (base 15) in base 9?
188
What is 21 (base 5) in base 11?
10
Convert -9b (base 12) to base 11.
-a9
-2 (base 5) to base 6
-2
What is 16 (base 11) in base 12?
15
What is -10001000 (base 2) in base 7?
-253
What is -10 (base 3) in base 12?
-3
Convert 10 (base 3) to base 5.
3
What is 1121 (base 3) in base 9?
47
What is 20 (base 3) in base 16?
6
Convert -2a (base 14) to base 11.
-35
Convert -c (base 14) to base 12.
-10
13 (base 8) to base 4
23
Convert -2 (base 5) to base 11.
-2
Convert 115 (base 13) to base 14.
d5
What is 1 (base 7) in base 9?
1
10100 (base 3) to base 5
330
1 (base 14) to base 5
1
1 (base 4) to base 14
1
11 (base 2) to base 3
10
-1 (base 8) to base 15
-1
Convert 36 (base 14) to base 5.
143
What is -1 (base 8) in base 10?
-1
25 (base 6) to base 4
101
What is -2 (base 3) in base 2?
-10
Convert 6 (base 15) to base 5.
11
What is -122 (base 11) in base 4?
-2101
What is -20 (base 9) in base 15?
-13
Convert 7 (base 8) to base 13.
7
17 (base 8) to base 5
30
-20 (base 6) to base 16
-c
Convert -3 (base 11) to base 6.
-3
What is 2 (base 9) in base 10?
2
What is 3 (base 11) in base 10?
3
-35 (base 13) to base 4
-230
-1 (base 7) to base 4
-1
Convert -2 (base 16) to base 4.
-2
Convert -6 (base 8) to base 4.
-12
Convert 3 (base 14) to base 3.
10
Convert -3 (base 4) to base 11.
-3
Convert 34 (base 6) to base 4.
112
What is -3 (base 9) in base 11?
-3
17 (base 13) to base 12
18
Convert -32 (base 6) to base 13.
-17
What is 2 (base 8) in base 10?
2
-4 (base 13) to base 8
-4
What is 50 (base 15) in base 14?
55
Convert -1b (base 15) to base 7.
-35
-1 (base 8) to base 2
-1
-1 (base 9) to base 12
-1
-14 (base 8) to base 4
-30
What is -2 (base 6) in base 9?
-2
Convert 3 (base 12) to base 8.
3
4 (base 9) to base 5
4
What is 1a (base 14) in base 3?
220
-60 (base 13) to base 14
-58
Convert 43 (base 5) to base 4.
113
Convert -a (base 13) to base 4.
-22
6 (base 8) to base 9
6
What is -42 (base 10) in base 13?
-33
What is 71 (base 11) in base 6?
210
Convert -107 (base 9) to base 4.
-1120
-5 (base 8) to base 12
-5
-4 (base 6) to base 4
-10
What is e (base 15) in base 2?
1110
Convert 3 (base 11) to base 9.
3
-14 (base 7) to base 13
-b
What is 96 (base 12) in base 16?
72
Convert -22 (base 10) to base 6.
-34
What is 133 (base 5) in base 3?
1121
15 (base 8) to base 12
11
What is 312 (base 6) in base 3?
11022
What is -1210 (base 3) in base 2?
-110000
Convert -203 (base 7) to base 14.
-73
64 (base 16) to base 2
1100100
What is -54 (base 10) in base 3?
-2000
Convert -15 (base 15) to base 16.
-14
What is 43 (base 6) in base 2?
11011
What is 161 (base 8) in base 11?
a3
3011 (base 4) to base 14
101
Convert 111 (base 3) to base 6.
21
What is -44 (base 6) in base 5?
-103
What is 3 (base 14) in base 16?
3
What is 1 (base 11) in base 13?
1
-1 (base 2) to base 10
-1
Convert 2 (base 12) to base 10.
2
What is 31 (base 4) in base 16?
d
-11 (base 15) to base 16
-10
a9 (base 14) to base 10
149
8 (base 12) to base 3
22
-a5 (base 14) to base 2
-10010001
Convert -11010011 (base 2) to base 8.
-323
14 (base 9) to base 8
15
Convert 1 (base 11) to base 14.
1
Convert -1100 (base 3) to base 13.
-2a
What is 111 (base 8) in base 12?
61
Convert 158 (base 9) to base 14.
98
-132 (base 6) to base 14
-40
Convert 25b (base 13) to base 12.
2a6
What is a (base 16) in base 11?
a
101 (base 5) to base 14
1c
What is 4 (base 6) in base 3?
11
What is 0 (base 13) in base 9?
0
Convert 20 (base 9) to base 4.
102
Convert 23 (base 13) to base 16.
1d
4 (base 6) to base 2
100
Convert 14 (base 9) to base 7.
16
-23 (base 9) to base 12
-19
What is -3 (base 11) in base 12?
-3
Convert 85 (base 14) to base 6.
313
Convert -6 (base 16) to base 9.
-6
-11 (base 3) to base 8
-4
Convert 40 (base 9) to base 5.
121
What is -13 (base 11) in base 8?
-16
What is 1101000 (base 2) in base 4?
1220
What is 22 (base 9) in base 8?
24
Convert 220 (base 6) to base 10.
84
-77 (base 16) to base 10
-119
0 (base 11) to base 6
0
3 (base 9) to base 15
3
200 (base 3) to base 9
20
What is 10 (base 4) in base 15?
4
What is 22 (base 11) in base 5?
44
What is 110 (base 2) in base 16?
6
Convert 58 (base 12) to base 7.
125
Convert -197 (base 12) to base 5.
-2014
Convert 101 (base 2) to base 14.
5
Convert 23 (base 9) to base 16.
15
Convert -60 (base 7) to base 9.
-46
-20 (base 5) to base 4
-22
Convert -102 (base 4) to base 10.
-18
Convert -100110 (base 2) to base 16.
-26
What is 21 (base 4) in base 2?
1001
1313 (base 4) to base 8
167
Convert -34 (base 12) to base 10.
-40
Convert -14 (base 5) to base 7.
-12
55 (base 15) to base 7
143
-12 (base 4) to base 10
-6
What is -4 (base 11) in base 8?
-4
Convert 2 (base 4) to base 6.
2
-3 (base 5) to base 7
-3
What is 10011 (base 2) in base 9?
21
What is 194 (base 13) in base 7?
563
Convert 222 (base 3) to base 2.
11010
What is -2 (base 3) in base 9?
-2
Convert 3 (base 5) to base 10.
3
-41 (base 5) to base 2
-10101
What is -31 (base 7) in base 11?
-20
Convert 8 (base 11) to base 16.
8
-13 (base 7) to base 10
-10
17a (base 12) to base 7
460
Convert 2a (base 12) to base 10.
34
What is 34 (base 5) in base 3?
201
What is -74 (base 9) in base 13?
-52
-24 (base 7) to base 4
-102
What is -11 (base 13) in base 11?
-13
57 (base 9) to base 16
34
1 (base 13) to base 12
1
What is 105 (base 7) in base 9?
60
-4c (base 14) to base 15
-48
What is 10011100 (base 2) in base 5?
1111
56 (base 7) to base 9
45
Convert b (base 15) to base 7.
14
Convert -23 (base 11) to base 16.
-19
79 (base 10) to base 16
4f
Convert -2 (base 11) to base 12.
-2
Convert 10001 (base 2) to base 7.
23
What is 3 (base 10) in base 13?
3
35 (base 6) to base 12
1b
What is 55 (base 7) in base 2?
101000
What is 27 (base 9) in base 2?
11001
Convert -220 (base 9) to base 15.
-c0
4 (base 14) to base 8
4
Convert 10 (base 16) to base 13.
13
Convert 35 (base 11) to base 8.
46
Convert -9 (base 14) to base 8.
-11
What is 2 (base 6) in base 10?
2
-1 (base 9) to base 12
-1
What is -20 (base 6) in base 14?
-c
1202 (base 3) to base 6
115
Convert 48 (base 13) to base 3.
2020
1211 (base 3) to base 7
100
Convert 2 (base 12) to base 6.
2
What is